21a3?
-66215
In base 4, what is 2 - -33212101323?
33212101331
In base 7, what is 1025024 - 442?
1024252
In base 2, what is -1001000101111010110111 + 101?
-1001000101111010110010
In base 2, what is 11011011011 - 111011101011001000?
-111011001111101101
In base 11, what is -50 - 142780?
-142820
In base 9, what is -35433 + -2363?
-37806
In base 13, what is 4 - -1b53bb0?
1b53bb4
In base 5, what is -1420024 + -3412?
-1423441
In base 2, what is 111000110101101011000010010 + 10?
111000110101101011000010100
In base 10, what is -1 - 9976721?
-9976722
In base 4, what is 1020123 + -10012?
1010111
In base 6, what is 1 + 31115302?
31115303
In base 10, what is 0 + 11450833?
11450833
In base 14, what is -c704a - 1c?
-c7068
In base 10, what is 0 + -66660263?
-66660263
In base 13, what is -1aa9 + 1bb?
-18bb
In base 3, what is 10010 + -200020111200?
-200020101120
In base 14, what is 20c + -1351?
-1143
In base 12, what is 5 + -5962b3?
-5962aa
In base 2, what is -1011 - -1000110010101001011?
1000110010101000000
In base 16, what is -39db + -2a?
-3a05
In base 12, what is -a6360a - -16?
-a635b4
In base 4, what is -2232011 + -1132?
-2233203
In base 4, what is 2110021003 - -1022?
2110022031
In base 10, what is 489 - -19174?
19663
In base 8, what is -714276 + -3336?
-717634
In base 4, what is -133 + -33030000?
-33030133
In base 11, what is -1109 + -119a?
-22a8
In base 5, what is -332442114011 - 12?
-332442114023
In base 3, what is -2120212 - 200001101?
-202122020
In base 7, what is -2 + -222434?
-222436
In base 15, what is -3 + 972486?
972483
In base 12, what is 2304 - 1876?
64a
In base 2, what is -11111100001100101101110 - 1010?
-11111100001100101111000
In base 2, what is 100000011101111000101001010 - -101?
100000011101111000101001111
In base 15, what is -394e2c9 - 1?
-394e2ca
In base 10, what is 10594 + -5292?
5302
In base 16, what is 10c - -1c9660?
1c976c
In base 4, what is 2321 - 12312221?
-12303300
In base 13, what is 50 + 770a5?
77125
In base 4, what is -1000 - -2100300102?
2100233102
In base 5, what is 20043 + 1032110?
1102203
In base 13, what is -63a5 + 22c5?
-40b0
In base 9, what is 374 - -1335414?
1335788
In base 16, what is 284 - 2e1?
-5d
In base 15, what is 10 - 2c065a?
-2c064a
In base 14, what is -3b79b2c9 + 5?
-3b79b2c4
In base 11, what is -763 - -1842?
108a
In base 8, what is -2613263 + 26?
-2613235
In base 9, what is -20723 + -1281?
-22114
In base 8, what is 25106250 - -3?
25106253
In base 2, what is -1011110111010010 - 101100101011?
-1100100011111101
In base 2, what is 1001 + 11001101101010110101?
11001101101010111110
In base 15, what is -1 + 49ab57d?
49ab57c
In base 15, what is 6be54b1 + 2?
6be54b3
In base 8, what is 353553 - -772?
354545
In base 6, what is -3 + 1003222?
1003215
In base 10, what is 864901186 + -3?
864901183
In base 12, what is -450509ab + 4?
-450509a7
In base 5, what is -10 - 304314234?
-304314244
In base 11, what is -3476a227 - -5?
-3476a222
In base 10, what is 125321 + 106?
125427
In base 4, what is -121303 - -22232?
-33011
In base 9, what is 2 + -501646?
-501644
In base 11, what is -5a468 - -94?
-5a384
In base 12, what is 13281 - 67?
13216
In base 15, what is -dd4a - 362?
-e1ac
In base 7, what is -132232 + 32?
-132200
In base 5, what is 34114 - 141430?
-102311
In base 10, what is 3 - -4077173?
4077176
In base 10, what is 8554 + -171?
8383
In base 3, what is -2 - 21222022220112?
-21222022220121
In base 10, what is 177585 - -35?
177620
In base 13, what is c78 - b0b1?
-a136
In base 3, what is -100020111001 + 200?
-100020110101
In base 4, what is 12130312 - 22003?
12102303
In base 9, what is -1 - 20570283?
-20570284
In base 2, what is -1110100100 - -101100101011?
11110000111
In base 8, what is 224 + -21460473?
-21460247
In base 5, what is -103233 - 300411?
-404144
In base 2, what is -1101011 - -1110011101000101111111?
1110011101000100010100
In base 9, what is -10888 + -31288?
-42287
In base 5, what is -22 - -434421444?
434421422
In base 6, what is 13 - 2242211204?
-2242211151
In base 7, what is 23022 - -252154?
305206
In base 2, what is 11101010000110111111100 + 101?
11101010000111000000001
In base 2, what is 100 + -1000011110110001001111?
-1000011110110001001011
In base 10, what is -1097 - 120327?
-121424
In base 3, what is -20012 - 220012221111?
-220020011200
In base 9, what is -1 + 105543820?
105543818
In base 4, what is -23220230 + -31020?
-23311310
In base 15, what is -a + 157e476?
157e46b
In base 14, what is 90 + b0217a?
b0222a
In base 11, what is -5 - 3a68a6?
-3a6900
In base 5, what is 23 - -122202103004?
122202103032
In base 8, what is 21 + -501014?
-500773
In base 2, what is -11 + 11001110000010001010010?
11001110000010001001111
In base 3, what is -12 + -2002012102201?
-2002012102220
In base 6, what is 1343 + -1204524?
-1203141
In base 3, what is -100112001010 - 1100101?
-100120101111
In base 12, what is 502b21 + -2?
502b1b
In base 8, what is -333 - -602223?
601670
In base 7, what is -336 + 155563?
155224
In base 4, what is 21310021 + -110?
21303311
In base 13, what is 1c87a0 + 18?
1c87b8
In base 12, what is 1185705 - 2?
1185703
In base 10, what is 87 + -4951414?
-4951327
In base 2, what is -10010000001 + -1011100101111?
-1101110110000
In base 12, what is 5 - -42bb450?
42bb455
In base 10, what is -1 - 4288407?
-4288408
In base 13, what is 303 - -4860?
4b63
In base 8, what is -13514 - -62?
-13432
In base 10, what is -2607 - 6904?
-9511
In base 7, what is -66 + 2622361?
2622262
In base 7, what is 105040 - -441?
105511
In base 12, what is -5 - 31396481?
-31396486
In base 12, what is -232b82 + -328?
-2332aa
In base 4, what is -101131 + 23201212?
23100021
In base 7, what is 356 - 2023106?
-2022420
In base 12, what is -18895a240 + -4?
-18895a244
In base 9, what is -28707011 + 11?
-28707000
In base 11, what is -293 + 160822?
16053a
In base 5, what is -3012032 - -13?
-3012014
In base 12, what is -8470ab - 6?
-8470b5
In base 8, what is 11 + -430?
-417
In base 14, what is 1532c7 + -201?
1530c6
In base 6, what is 3100525 - -55?
3101024
In base 12, what is 446 + -34b40?
-346b6
In base 8, what is -2656 + 11641?
6763
In base 5, what is 142 + 1423313210?
1423313402
In base 3, what is -212 - 22221221000?
-22221221212
In base 6, what is -104335 + 2402?
-101533
In base 6, what is -4100411412 - -1?
-4100411411
In base 6, what is -415130123 - 13?
-415130140
In base 14, what is 36360cc - 6?
36360c6
In base 5, what is -211223 + -3412?
-220140
In base 11, what is -1 + -24314a43?
-24314a44
In base 12, what is -41 - a7593?
-a7614
In base 8, what is -30465 - 314?
-31001
In base 3, what is 110201000 - -202102?
111110102
In base 6, what is 1013052 - 5?
1013043
In base 9, what is 4 + -326733367?
-326733363
In base 12, what is -270 + 6660?
63b0
In base 11, what is 4 + 42506598?
425065a1
In base 2, what is 1100000001110001011010 + -10010?
1100000001110001001000
In base 7, what is 156524 - 402?
156122
In base 11, what is 42 + -1271765?
-1271723
In base 13, what is 1 - 28333139?
-28333138
In base 6, what is 4100444250 - -1?
4100444251
In base 13, what is 71914cc8 + 5?
71915000
In base 5, what is -2142042421 + 13?
-2142042403
In base 8, what is -640 + 72225?
71365
In base 8, what is -1515645736 + 3?
-1515645733
In base 14, what is -164b + -5815?
-7062
In base 7, what is -1504 + -215000?
-216504
In base 14, what is -54a7a5b5 - -1?
-54a7a5b4
In base 15, what is 1303d3 + -12a?
1302a8
In base 6, what is 2302125 + 213?
2302342
In base 3, what is -100 + 1222100200011?
1222100122211
In base 10, what is -542059 + -36?
-542095
In base 13, what is acb9b36 - -3?
acb9b39
In base 10, what is 5 - 4011504?
-4011499
In base 11, what is -9 + 13a76745?
13a76737
In base 6, what is 24452325 + 25?
24452354
In base 13, what is 2a3128 + -109?
2a301c
In base 11, what is -2 - -9283239?
9283237
In base 5, what is -12433410231 + 4?
-12433410222
In base 6, what is -5 - 414305543?
-414305552
In base 3, what is 12001 - -20012122201?
20012211202
In base 7, what is -2605661 + -103?
-2606064
In base 15, what is 5bc0d - 133?
5baca
In base 7, what is -2431010132 - 1?
-2431010133
In base 10, what is -8 - 257130?
-257138
In base 8, what is -4 + -430437226?
-430437232
In base 10, what is -84176123 - -18?
-84176105
In base 5, what is 20 - 224100313?
-224100243
In base 6, what is 15002142121 + 4